184394?
4
What is the remainder when 4016 is divided by 3699?
317
Calculate the remainder when 2832 is divided by 40.
32
Calculate the remainder when 22941 is divided by 89.
68
Calculate the remainder when 30983 is divided by 88.
7
Calculate the remainder when 7671 is divided by 854.
839
Calculate the remainder when 258260 is divided by 93.
92
What is the remainder when 378419 is divided by 5?
4
What is the remainder when 721 is divided by 181?
178
Calculate the remainder when 22035 is divided by 154.
13
Calculate the remainder when 432304 is divided by 224.
208
What is the remainder when 14016 is divided by 326?
324
What is the remainder when 2698 is divided by 20?
18
What is the remainder when 4789423 is divided by 938?
933
What is the remainder when 1229 is divided by 26?
7
What is the remainder when 30083 is divided by 171?
158
Calculate the remainder when 9811 is divided by 2385.
271
What is the remainder when 7853 is divided by 872?
5
Calculate the remainder when 100431 is divided by 7173.
9
What is the remainder when 7518 is divided by 7464?
54
What is the remainder when 837850 is divided by 13735?
15
Calculate the remainder when 165123 is divided by 87.
84
What is the remainder when 388438 is divided by 6?
4
What is the remainder when 71676 is divided by 1629?
0
Calculate the remainder when 328356 is divided by 38.
36
Calculate the remainder when 3163 is divided by 1047.
22
What is the remainder when 3353 is divided by 55?
53
Calculate the remainder when 110257 is divided by 1239.
1225
Calculate the remainder when 3229 is divided by 906.
511
Calculate the remainder when 8793 is divided by 251.
8
Calculate the remainder when 8851 is divided by 402.
7
Calculate the remainder when 3507 is divided by 185.
177
What is the remainder when 30911 is divided by 168?
167
What is the remainder when 4140 is divided by 4124?
16
What is the remainder when 7551 is divided by 82?
7
What is the remainder when 14206 is divided by 747?
13
What is the remainder when 279264 is divided by 242?
238
Calculate the remainder when 10147 is divided by 51.
49
Calculate the remainder when 2667266 is divided by 1327.
1323
Calculate the remainder when 10521 is divided by 2103.
6
What is the remainder when 1948 is divided by 3?
1
Calculate the remainder when 220643 is divided by 872.
27
What is the remainder when 2908 is divided by 241?
16
Calculate the remainder when 19854 is divided by 145.
134
Calculate the remainder when 11393 is divided by 228.
221
What is the remainder when 159369 is divided by 932?
929
What is the remainder when 3753 is divided by 336?
57
What is the remainder when 5647 is divided by 83?
3
What is the remainder when 5903 is divided by 5897?
6
What is the remainder when 62707 is divided by 564?
103
Calculate the remainder when 1132994 is divided by 298.
296
What is the remainder when 260476 is divided by 16?
12
Calculate the remainder when 86656 is divided by 35.
31
Calculate the remainder when 7574 is divided by 488.
254
Calculate the remainder when 448243 is divided by 707.
5
Calculate the remainder when 12167 is divided by 1707.
218
What is the remainder when 9648 is divided by 170?
128
What is the remainder when 1639 is divided by 2?
1
Calculate the remainder when 195143 is divided by 173.
172
What is the remainder when 6533 is divided by 2014?
491
Calculate the remainder when 989 is divided by 322.
23
What is the remainder when 1448 is divided by 535?
378
Calculate the remainder when 13241 is divided by 4379.
104
Calculate the remainder when 12805 is divided by 514.
469
Calculate the remainder when 13455 is divided by 354.
3
Calculate the remainder when 45610 is divided by 22788.
34
Calculate the remainder when 367586 is divided by 52.
50
Calculate the remainder when 3854 is divided by 269.
88
What is the remainder when 64456 is divided by 8057?
0
What is the remainder when 109321 is divided by 6430?
11
Calculate the remainder when 524269 is divided by 34.
23
Calculate the remainder when 20278 is divided by 5063.
26
What is the remainder when 7242 is divided by 453?
447
What is the remainder when 93627 is divided by 40?
27
What is the remainder when 13810 is divided by 1255?
5
What is the remainder when 349 is divided by 69?
4
Calculate the remainder when 31040 is divided by 166.
164
What is the remainder when 215727 is divided by 10?
7
What is the remainder when 7309 is divided by 71?
67
Calculate the remainder when 345449 is divided by 221.
26
Calculate the remainder when 10036 is divided by 3313.
97
Calculate the remainder when 48586 is divided by 3.
1
Calculate the remainder when 2062 is divided by 606.
244
What is the remainder when 10783 is divided by 44?
3
What is the remainder when 41150 is divided by 2539?
526
What is the remainder when 20950 is divided by 20845?
105
Calculate the remainder when 3859631 is divided by 21.
20
What is the remainder when 103288 is divided by 77?
31
What is the remainder when 101583 is divided by 12696?
15
Calculate the remainder when 23005 is divided by 22901.
104
Calculate the remainder when 31904 is divided by 14.
12
What is the remainder when 640176 is divided by 23?
17
Calculate the remainder when 23562 is divided by 693.
0
What is the remainder when 479848 is divided by 70?
68
What is the remainder when 181469 is divided by 32?
29
Calculate the remainder when 19130013 is divided by 48.
45
What is the remainder when 300365 is divided by 246?
245
Calculate the remainder when 10618 is divided by 40.
18
What is the remainder when 22862 is divided by 76?
62
What is the remainder when 218591 is divided by 44?
43
Calculate the remainder when 1702 is divided by 242.
8
Calculate the remainder when 1531 is divided by 759.
13
What is the remainder when 155262 is divided by 618?
144
What is the remainder when 26985 is divided by 51?
6
Calculate the remainder when 31816 is divided by 3534.
10
What is the remainder when 18331 is divided by 3664?
11
What is the remainder when 11946 is divided by 23?
9
What is the remainder when 2438 is divided by 308?
282
Calculate the remainder when 2342966 is divided by 116.
114
What is the remainder when 17260 is divided by 127?
115
Calculate the remainder when 18236 is divided by 608.
604
Calculate the remainder when 10398 is divided by 5195.
8
What is the remainder when 1779 is divided by 399?
183
Calculate the remainder when 4439 is divided by 12.
11
Calculate the remainder when 92 is divided by 54.
38
What is the remainder when 3759 is divided by 110?
19
What is the remainder when 19828 is divided by 6588?
64
What is the remainder when 946391 is divided by 188?
187
Calculate the remainder when 13984 is divided by 400.
384
What is the remainder when 6220 is divided by 516?
28
What is the remainder when 1132 is divided by 423?
286
What is the remainder when 139614 is divided by 95?
59
What is the remainder when 261872 is divided by 25?
22
Calculate the remainder when 73809 is divided by 36899.
11
Calculate the remainder when 94514 is divided by 15.
14
What is the remainder when 8953 is divided by 639?
7
Calculate the remainder when 67396 is divided by 548.
540
Calculate the remainder when 81901 is divided by 455.
1
What is the remainder when 28230 is divided by 300?
30
What is the remainder when 159961 is divided by 242?
241
What is the remainder when 8207 is divided by 19?
18
What is the remainder when 66354 is divided by 16588?
2
What is the remainder when 37615 is divided by 1555?
295
What is the remainder when 95265 is divided by 115?
45
What is the remainder when 101244 is divided by 51?
9
Calculate the remainder when 5060 is divided by 44.
0
Calculate the remainder when 33004 is divided by 1500.
4
What is the remainder when 5545 is divided by 927?
910
Calculate the remainder when 5104 is divided by 319.
0
Calculate the remainder when 5170 is divided by 213.
58
Calculate the remainder when 3891 is divided by 4.
3
Calculate the remainder when 4191 is divided by 1885.
421
Calculate the remainder when 5442 is divided by 5281.
161
What is the remainder when 15781 is divided by 2811?
1726
What is the remainder when 11614 is divided by 11?
9
What is the remainder when 7160 is divided by 103?
53
What is the remainder when 124663 is divided by 427?
406
What is the remainde